t is the ten thousands digit of 292507828?
0
What is the tens digit of 4236980538?
3
What is the ten millions digit of 121355685?
2
What is the tens digit of 537430975?
7
What is the millions digit of 262399284?
2
What is the hundred thousands digit of 2626378937?
3
What is the ten millions digit of 55842514?
5
What is the ten millions digit of 2754113599?
5
What is the ten millions digit of 88443457?
8
What is the ten millions digit of 967971305?
6
What is the hundred thousands digit of 2099922484?
9
What is the millions digit of 253495782?
3
What is the tens digit of 83662482?
8
What is the hundreds digit of 70892671?
6
What is the ten millions digit of 1646695955?
4
What is the hundred millions digit of 527707851?
5
What is the hundred thousands digit of 1313582019?
5
What is the hundred thousands digit of 405461071?
4
What is the billions digit of 1683382340?
1
What is the hundreds digit of 27111358?
3
What is the ten millions digit of 199110583?
9
What is the ten millions digit of 4768588120?
6
What is the ten millions digit of 90150379?
9
What is the units digit of 78646439?
9
What is the units digit of 115232625?
5
What is the millions digit of 265570583?
5
What is the ten thousands digit of 852268?
5
What is the ten thousands digit of 613329968?
2
What is the hundred millions digit of 194412140?
1
What is the tens digit of 3908378510?
1
What is the hundred millions digit of 205866022?
2
What is the hundreds digit of 30850989?
9
What is the tens digit of 69333417?
1
What is the hundred millions digit of 4969839331?
9
What is the ten millions digit of 83541210?
8
What is the ten thousands digit of 195389795?
8
What is the ten thousands digit of 499373054?
7
What is the tens digit of 1203716197?
9
What is the billions digit of 2252775465?
2
What is the tens digit of 17354285?
8
What is the ten millions digit of 96688218?
9
What is the hundreds digit of 62807267?
2
What is the hundreds digit of 162732286?
2
What is the thousands digit of 103937644?
7
What is the thousands digit of 3253755?
3
What is the thousands digit of 12629560?
9
What is the millions digit of 53528296?
3
What is the hundred thousands digit of 368209276?
2
What is the units digit of 5991019?
9
What is the hundred millions digit of 588992185?
5
What is the units digit of 60068628?
8
What is the tens digit of 1206673855?
5
What is the ten thousands digit of 2435693175?
9
What is the tens digit of 91920699?
9
What is the hundred thousands digit of 53007187?
0
What is the hundred millions digit of 1181225484?
1
What is the tens digit of 9711742?
4
What is the tens digit of 27759752?
5
What is the ten thousands digit of 1557938775?
3
What is the thousands digit of 406034653?
4
What is the hundreds digit of 93122253?
2
What is the tens digit of 603637807?
0
What is the hundred thousands digit of 13709753?
7
What is the units digit of 1565852823?
3
What is the hundred millions digit of 177529189?
1
What is the ten thousands digit of 13928920?
2
What is the hundred thousands digit of 61039569?
0
What is the hundred millions digit of 327952767?
3
What is the millions digit of 48679546?
8
What is the billions digit of 2939190034?
2
What is the thousands digit of 3265308950?
8
What is the tens digit of 1378854764?
6
What is the ten millions digit of 195504220?
9
What is the millions digit of 229373180?
9
What is the hundreds digit of 23783481?
4
What is the ten millions digit of 96868782?
9
What is the units digit of 492579413?
3
What is the units digit of 183765190?
0
What is the hundred millions digit of 250295815?
2
What is the units digit of 40451164?
4
What is the tens digit of 362203255?
5
What is the millions digit of 451127528?
1
What is the thousands digit of 17622250?
2
What is the tens digit of 27610114?
1
What is the tens digit of 4557307?
0
What is the hundred thousands digit of 5567318538?
3
What is the hundreds digit of 628261433?
4
What is the tens digit of 390191494?
9
What is the ten thousands digit of 1802648021?
4
What is the thousands digit of 16176838?
6
What is the hundreds digit of 324805236?
2
What is the thousands digit of 481832661?
2
What is the thousands digit of 501977103?
7
What is the hundred millions digit of 116035335?
1
What is the units digit of 83445436?
6
What is the billions digit of 1902250618?
1
What is the units digit of 145391631?
1
What is the thousands digit of 101910487?
0
What is the units digit of 259034900?
0
What is the hundred millions digit of 271761136?
2
What is the hundreds digit of 11377717?
7
What is the units digit of 15368783?
3
What is the tens digit of 122800855?
5
What is the ten millions digit of 524242214?
2
What is the hundred millions digit of 712152704?
7
What is the hundreds digit of 16495958?
9
What is the ten millions digit of 2949370947?
4
What is the ten thousands digit of 265012331?
1
What is the hundreds digit of 2085832370?
3
What is the hundred thousands digit of 48496909?
4
What is the tens digit of 620547832?
3
What is the ten millions digit of 585005323?
8
What is the ten thousands digit of 33795400?
9
What is the hundred thousands digit of 48949791?
9
What is the units digit of 340663484?
4
What is the units digit of 4319993625?
5
What is the tens digit of 936962394?
9
What is the ten thousands digit of 3339980411?
8
What is the ten thousands digit of 3532557?
3
What is the hundred thousands digit of 338293060?
2
What is the tens digit of 65720913?
1
What is the units digit of 2382027821?
1
What is the ten thousands digit of 1879075990?
7
What is the ten millions digit of 75527607?
7
What is the millions digit of 21581588?
1
What is the units digit of 1363269526?
6
What is the ten millions digit of 219918924?
1
What is the millions digit of 9612797?
9
What is the hundreds digit of 1947440467?
4
What is the thousands digit of 73283882?
3
What is the ten thousands digit of 231125597?
2
What is the ten millions digit of 13634087?
1
What is the millions digit of 3859441200?
9
What is the billions digit of 2433934762?
2
What is the units digit of 386982290?
0
What is the hundred millions digit of 200844866?
2
What is the thousands digit of 8363472?
3
What is the tens digit of 1223851269?
6
What is the thousands digit of 2332737656?
7
What is the hundreds digit of 3450661406?
4
What is the tens digit of 1562531490?
9
What is the millions digit of 331177241?
1
What is the ten millions digit of 940845669?
4
What is the thousands digit of 4215936?
5
What is the ten thousands digit of 98296898?
9
What is the thousands digit of 201588986?
8
What is the ten thousands digit of 114701497?
0
What is the millions digit of 122234818?
2
What is the hundred thousands digit of 2287036983?
0
What is the tens digit of 119258?
5
What is the hundred thousands digit of 2135039731?
0
What is the tens digit of 40556536?
3
What is the thousands digit of 739036770?
6
What is the billions digit of 1334671651?
1
What is the hundred thousands digit of 214656119?
6
What is the hundreds digit of 6273289383?
3
What is the hundred thousands digit of 808888923?
8
What is the units digit of 76876708?
8
What is the hundred millions digit of 257573651?
2
What is the millions digit of 789737688?
9
What is the ten thousands digit of 756730139?
3
What is the millions digit of 72974430?
2
What is the hundreds digit of 34384434?
4
What is the millions digit of 1293580159?
3
What is the units digit of 3060970792?
2
What is the millions digit of 612349596?
2
What is the hundred thousands digit of 41508729?
5
What is the hundred millions digit of 1242262675?
2
What is the ten thousands digit of 59827357?
2
What is the tens digit of 348776809?
0
What is the units digit of 3062715836?
6
What is the tens digit of 25874627?
2
What is the ten thousands digit of 179087292?
8
What is the hundreds digit of 117989256?
2
What is the units digit of 486594459?
9
What is the ten millions digit of 1786583255?
8
What is the hundred thousands digit of 4073368?
0
What is the thousands digit of 181586371?
6
What is the ten thousands digit of 109690553?
9
What is the tens digit of 70140317?
1
What is the units digit of 52561141?
1
What is the hundreds digit of 108421762?
7
What is the hundred thousands digit of 909611690?
6
What is the tens digit of 28692011?
1
W